reatest common divisor of 744 and 620.
124
Calculate the highest common factor of 735 and 21.
21
Calculate the greatest common factor of 192 and 84.
12
Calculate the highest common factor of 172 and 8815.
43
Calculate the highest common factor of 99 and 6369.
33
Calculate the highest common factor of 9660 and 115.
115
What is the highest common divisor of 49 and 343?
49
What is the highest common divisor of 8 and 52760?
8
What is the highest common factor of 17 and 1?
1
What is the highest common factor of 75 and 165?
15
What is the highest common factor of 44 and 28?
4
What is the highest common divisor of 595 and 1085?
35
What is the highest common divisor of 11 and 814?
11
What is the greatest common divisor of 323 and 17?
17
Calculate the greatest common divisor of 20257 and 141.
47
Calculate the highest common divisor of 62 and 3968.
62
What is the greatest common factor of 5428 and 472?
236
Calculate the greatest common factor of 10 and 2570.
10
Calculate the greatest common factor of 530 and 360.
10
What is the highest common divisor of 10 and 9280?
10
Calculate the greatest common factor of 81 and 36.
9
Calculate the greatest common factor of 247 and 39.
13
Calculate the highest common factor of 6278 and 292.
146
What is the highest common factor of 1139 and 17?
17
What is the highest common factor of 323 and 2432?
19
Calculate the highest common divisor of 3360 and 2835.
105
Calculate the highest common factor of 2 and 485.
1
Calculate the highest common factor of 2596 and 44.
44
What is the highest common divisor of 4250 and 100?
50
What is the highest common factor of 7995 and 30?
15
Calculate the greatest common divisor of 154 and 44.
22
What is the greatest common divisor of 136 and 425?
17
Calculate the highest common factor of 71 and 1775.
71
What is the greatest common divisor of 170 and 1258?
34
What is the highest common divisor of 996 and 36?
12
What is the highest common divisor of 400 and 480?
80
What is the highest common factor of 140 and 28?
28
Calculate the greatest common divisor of 5293 and 201.
67
What is the greatest common factor of 15 and 2265?
15
What is the greatest common factor of 45 and 711?
9
What is the highest common factor of 221 and 28067?
221
Calculate the greatest common divisor of 1706 and 2.
2
Calculate the highest common divisor of 52 and 11882.
26
What is the highest common divisor of 7 and 7?
7
Calculate the greatest common divisor of 77 and 28.
7
Calculate the greatest common factor of 540 and 945.
135
Calculate the highest common factor of 13554 and 54.
54
Calculate the greatest common factor of 2494 and 172.
86
What is the greatest common factor of 1088 and 17?
17
Calculate the greatest common factor of 365 and 949.
73
What is the highest common divisor of 28 and 4676?
28
Calculate the greatest common factor of 801 and 81.
9
Calculate the greatest common divisor of 39 and 15.
3
Calculate the greatest common divisor of 351 and 624.
39
Calculate the highest common divisor of 180 and 840.
60
Calculate the highest common factor of 2328 and 24.
24
Calculate the highest common factor of 600 and 90.
30
Calculate the highest common factor of 76854 and 6.
6
What is the highest common factor of 500 and 3880?
20
What is the highest common factor of 295 and 10?
5
Calculate the greatest common factor of 84 and 96.
12
What is the greatest common divisor of 940 and 20?
20
Calculate the highest common divisor of 11 and 319.
11
What is the greatest common factor of 10 and 2470?
10
Calculate the greatest common factor of 524 and 1179.
131
Calculate the greatest common divisor of 1869 and 84.
21
Calculate the greatest common divisor of 24 and 9.
3
What is the greatest common factor of 6 and 6?
6
Calculate the greatest common factor of 43 and 13846.
43
What is the highest common factor of 75 and 525?
75
What is the greatest common divisor of 6103 and 1795?
359
Calculate the greatest common factor of 6642 and 615.
123
What is the highest common factor of 35 and 545?
5
Calculate the highest common factor of 1071 and 1309.
119
What is the greatest common factor of 19 and 1919?
19
Calculate the greatest common factor of 9860 and 34.
34
Calculate the highest common divisor of 3843 and 105.
21
Calculate the highest common divisor of 1320 and 4320.
120
What is the highest common factor of 1 and 31?
1
What is the highest common factor of 96 and 352?
32
Calculate the greatest common factor of 1560 and 104.
104
What is the greatest common divisor of 172 and 124?
4
What is the highest common factor of 56 and 72?
8
Calculate the highest common factor of 13 and 3640.
13
Calculate the highest common factor of 78 and 624.
78
Calculate the greatest common factor of 5346 and 108.
54
Calculate the highest common divisor of 8 and 7688.
8
Calculate the highest common divisor of 4275 and 171.
171
What is the greatest common factor of 6641 and 87?
29
What is the greatest common divisor of 42 and 120?
6
Calculate the highest common factor of 15 and 4480.
5
What is the highest common divisor of 5726 and 70?
14
Calculate the highest common divisor of 90 and 954.
18
What is the highest common factor of 1908 and 8?
4
Calculate the greatest common factor of 36 and 66.
6
What is the greatest common factor of 1025 and 50?
25
Calculate the highest common divisor of 3085 and 85.
5
What is the greatest common factor of 72 and 81?
9
Calculate the greatest common factor of 30 and 2274.
6
Calculate the highest common divisor of 3145 and 85.
85
Calculate the greatest common divisor of 176 and 48.
16
Calculate the highest common divisor of 5 and 8465.
5
Calculate the highest common factor of 96 and 544.
32
Calculate the greatest common divisor of 9 and 270.
9
Calculate the greatest common factor of 252 and 513.
9
Calculate the greatest common divisor of 110 and 70.
10
What is the highest common factor of 1544 and 104?
8
Calculate the greatest common factor of 48 and 318.
6
What is the highest common factor of 31 and 775?
31
Calculate the greatest common factor of 11 and 4763.
11
Calculate the highest common factor of 8 and 88.
8
What is the highest common factor of 50 and 25275?
25
Calculate the highest common divisor of 372 and 84.
12
Calculate the greatest common factor of 44 and 253.
11
Calculate the greatest common factor of 426 and 14626.
142
Calculate the greatest common divisor of 13 and 11.
1
Calculate the highest common divisor of 1140 and 420.
60
Calculate the highest common divisor of 130 and 170.
10
What is the greatest common factor of 21 and 246?
3
What is the greatest common divisor of 65 and 2977?
13
Calculate the highest common factor of 68 and 32.
4
What is the greatest common factor of 1176 and 672?
168
What is the highest common divisor of 7312 and 8?
8
What is the highest common factor of 31 and 1?
1
Calculate the highest common factor of 24 and 64.
8
Calculate the highest common divisor of 165 and 15.
15
Calculate the highest common factor of 190 and 240.
10
What is the highest common divisor of 74382 and 196?
98
Calculate the highest common divisor of 105 and 7035.
105
Calculate the highest common divisor of 180 and 80.
20
Calculate the greatest common divisor of 66 and 762.
6
What is the highest common divisor of 896 and 336?
112
What is the greatest common factor of 324 and 2367?
9
What is the highest common factor of 108 and 18522?
54
What is the greatest common factor of 1610 and 23?
23
What is the greatest common factor of 143 and 99?
11
What is the highest common factor of 810 and 10?
10
Calculate the greatest common divisor of 216 and 192.
24
Calculate the greatest common factor of 2376 and 990.
198
Calculate the greatest common divisor of 36 and 708.
12
Calculate the greatest common factor of 1344 and 63.
21
Calculate the greatest common divisor of 64 and 27728.
16
Calculate the greatest common divisor of 24004 and 136.
68
What is the highest common factor of 66 and 10076?
22
What is the greatest common factor of 21016 and 74?
74
Calculate the highest common divisor of 646 and 34.
34
What is the highest common divisor of 204 and 25398?
102
What is the highest common factor of 7 and 175?
7
Calculate the highest common divisor of 108 and 8.
4
What is the greatest common divisor of 76 and 3477?
19
Calculate the highes